2 - 168. Let h be -4 + 2 + f/(-1). What is the highest common divisor of h and 12?
12
Let w = 2490 - 2472. Calculate the highest common factor of 150 and w.
6
Let h be (-2600)/(-9) + -1 - 238/(-2142). Let b(a) = 7*a**2 - a + 2. Let f be b(-2). Calculate the highest common divisor of h and f.
32
Suppose -4*a = 2*y + 3*y - 196, 5*y + 128 = 2*a. What is the highest common factor of 18 and a?
18
Let k = -9 - -43. Let w(u) = -52*u**3 - u - 2. Let m be (-12)/10 + (-2)/(-10). Let l be w(m). What is the greatest common factor of l and k?
17
Let s(a) be the third derivative of -a**4/24 + a**3 + 8*a**2. Let z be s(12). Let q be (-8 - -9)/((-1)/z). What is the highest common divisor of q and 48?
6
Let m(d) = -106*d - 33. Let j be m(-4). Calculate the greatest common divisor of j and 46.
23
Suppose 0 = -6*l - 1 + 79. Suppose -5 = -6*m + l. What is the greatest common factor of m and 27?
3
Suppose 30*t - 438 + 18 = 0. Suppose -3*i - 18 = -60. Calculate the highest common factor of t and i.
14
Let q be ((-188)/8 + 5)*-2. Let z = 72 - q. What is the greatest common factor of z and 28?
7
Suppose 103*x - 109*x = -3450. Calculate the highest common factor of 23 and x.
23
Let w be (91/26)/((-1)/(-188)). Calculate the greatest common divisor of w and 282.
94
Suppose 0*m + 2*m - 6 = 0. Suppose -m*a = -6 - 9. Suppose -1 + a = 2*r. Calculate the highest common factor of r and 4.
2
Suppose 2*t + 64 = 4*w - 324, -w + t = -95. Suppose -w = 5*n - 3*x - 359, 5*n - x = 270. Let d = -5 - -27. What is the greatest common divisor of d and n?
11
Let j be (1 + -1)/(6 + -3). Suppose 4*z = j, -3*z + 2 = 6*k - 4*k. Calculate the greatest common factor of 3 and k.
1
Let o = 394 - 366. Calculate the highest common factor of 56 and o.
28
Suppose -n = -s + 42, 0*n = -3*s + 2*n + 124. What is the highest common factor of s and 245?
5
Suppose 0 = -8*f + 7*f. Suppose 0 = 2*w - 4 - f. Let p be ((-7)/w)/(2/(-4)). Calculate the highest common factor of 49 and p.
7
Let t be 1 - 852/(-3) - 5. What is the highest common factor of 35 and t?
35
Let i be -26*1*3/(-2). Suppose 2*n = b + 48, 0 = 5*n + 24*b - 21*b - 142. Calculate the highest common factor of i and n.
13
Let p = -237 - -241. Calculate the highest common factor of p and 54.
2
Let q = -15 - -90. What is the greatest common factor of 100 and q?
25
Suppose -30*c = -34*c. Suppose 5*r - m - 40 + 1 = c, -r - 3*m + 11 = 0. Calculate the highest common factor of r and 8.
8
Let x be ((-6)/(-5))/(1 - (-504)/(-510)). Calculate the highest common divisor of 1326 and x.
102
Let p(c) = -c**3 + 13*c**2 + 35*c - 37. Let a be p(-6). Calculate the highest common divisor of a and 114.
19
Suppose -14*b = -26*b + 2160. Calculate the highest common divisor of b and 40.
20
Suppose -47*v - 15*v = -17050. What is the highest common factor of 11 and v?
11
Let k be -248*((-2)/(-5))/(40/(-50)). Let x = -59 - 25. Let y = k + x. Calculate the highest common factor of 16 and y.
8
Let a(o) = -o**3 + 3*o**2 - o - 2. Let m be a(2). Suppose m = 4*u - 46 - 10. What is the highest common factor of u and 126?
14
Let j(i) = i**3 - 4*i**2 + 3. Let a be j(6). What is the greatest common divisor of 350 and a?
25
Let p = -391 - -484. Calculate the greatest common factor of 3 and p.
3
Let p be 159/12 + 9/12. What is the greatest common divisor of 28 and p?
14
Suppose 4*g + 161 = -4*a + 1097, -3*g + 708 = 5*a. What is the highest common divisor of 21 and g?
21
Let r = -594 - -600. Calculate the highest common divisor of r and 618.
6
Suppose 2*r = -n + 9, -4*n + 9*n - 6 = 3*r. Let k be (-2)/r*9/(-2). Let z = -714 - -715. What is the highest common factor of z and k?
1
Let t be (-16947)/(-147) + 4/(-14). Calculate the highest common factor of 69 and t.
23
Let u(h) = h**3 - 2*h**2 + 2*h. Let x be u(2). Suppose -x*y = 3*p - 11 - 33, 4*p = 5*y - 24. Calculate the highest common divisor of y and 40.
8
Suppose -3*z + 4*h = -181, 186 = 4*z - 3*h - 60. Let c be (z/28)/(6/128). What is the highest common divisor of c and 32?
16
Suppose -40 = 3*u + 2*n, -5*n + n = 5*u + 66. Let f be (-220)/u + (-8)/(-28). Let o be 13 - (0 + f/4). What is the greatest common factor of 18 and o?
9
Suppose -45 = 5*x - 145. Let d = 33 - 13. Calculate the greatest common divisor of x and d.
20
Let v(p) = p**2 - 16*p - 15. Let h be v(17). Suppose -8*g + 4*g - 30 = -h*j, 0 = -3*j - 4*g + 15. Calculate the greatest common divisor of 63 and j.
9
Let z(g) = g + 6. Let u be z(3). Suppose u*b = 8*b + 4. Let l be 20*-1*(-2)/b. What is the greatest common factor of 20 and l?
10
Suppose 31*t - 182 = 29*t. What is the greatest common divisor of t and 390?
13
Let k(t) = t**2 + t - 1. Let c = 25 + -23. Let x be k(c). Let g be (x + -4)*-3 - -80. Calculate the highest common divisor of 11 and g.
11
Suppose -2*t - 1310 = -5*c, 10 = 4*t - 10. What is the greatest common factor of c and 18?
6
Let g(k) = -k**3 - 14*k**2 + 10*k - 27. Let b be (5 + 1)*-2 - (22 + -19). Let v be g(b). Calculate the greatest common factor of v and 4.
4
Let x = 42 - 30. Let p = 75 - 55. What is the greatest common divisor of p and x?
4
Let m be (-1598)/(-8) + (-1)/(-4). Suppose 8*q = 12*q - m. Calculate the greatest common factor of 20 and q.
10
Suppose 0 = -4*o - 95 + 351. Let r(j) = 94*j**3 + 2*j**2 + 3*j - 3. Let x be r(1). Calculate the highest common factor of o and x.
32
Suppose -3*t + 3*b + 441 = 0, 4*t + b - 765 = -t. Calculate the greatest common divisor of t and 38.
38
Let l(k) = 29*k - 36. Let i be l(4). What is the highest common factor of i and 640?
80
Suppose -226 = -3*a + 398. Let p = 63 - 37. What is the highest common divisor of a and p?
26
Let x be (5/4 - 1) + (-354)/(-24). What is the highest common divisor of 255 and x?
15
Let g be ((-270)/(-12))/15*(-280)/(-6). Let y be ((-315)/42)/((-6)/140). What is the highest common factor of y and g?
35
Let n(v) = -v - 8. Let l be n(7). Let z = -15 - l. Suppose w + 11 = 4*w - b, -w + 4*b - 11 = z. Calculate the highest common divisor of w and 55.
5
Suppose -2*q - 3*c + 45 = 2*c, 3*q - 2*c = 77. Let m = -1 - -6. Calculate the greatest common factor of q and m.
5
Let u(f) = 2*f**2 + 9*f - 4. Let x be u(-8). Let s(q) = 7*q**2 + 62*q - 2. Let c be s(-10). What is the greatest common divisor of x and c?
26
Let z = -47 + 177. Let f be 334/26 - (-20)/z. Calculate the highest common divisor of f and 78.
13
Suppose 0 = -4*z - 2*p - 48, 3*z + 73 = -2*z + 4*p. Let r = z + 67. Calculate the greatest common divisor of 6 and r.
6
Let w(i) = 50*i + 1. Let b(x) = -49*x - 1. Let a(h) = 6*b(h) + 7*w(h). Let y be a(1). Calculate the greatest common divisor of y and 38.
19
Let l(o) = -2*o**3 + 14*o**2 + 19*o - 78. Let c be l(5). What is the greatest common factor of 9 and c?
9
Let s(n) = 11*n - 25. Let u be s(4). Calculate the greatest common factor of 3 and u.
1
Let n be (-3 + 0)/(10/(-80)). Calculate the highest common divisor of n and 18.
6
Suppose 2*g - 124 = 170. Let l(m) = -13*m**2 + 80*m + 9. Let p be l(6). What is the greatest common factor of p and g?
21
Let d be (-3)/6*443 + 2/(-4). Let n = -132 - d. What is the highest common divisor of n and 10?
10
Let q = 394 + -209. Let s be (9620/195)/((-4)/(-6)). Calculate the greatest common factor of s and q.
37
Let z(b) = b**3 - 7*b**2 + 3*b + 1. Let h be z(7). Suppose 0*u - 4*y = 3*u - 173, 230 = 4*u + 5*y. Calculate the greatest common factor of u and h.
11
Let a(s) be the third derivative of -s**5/30 + 7*s**4/6 + 5*s**3/3 + 4*s**2. Let d be a(14). What is the greatest common factor of d and 20?
10
Suppose 3*g - 857 = -5*h, h - 146 = -5*g + 43. What is the greatest common factor of 39 and h?
13
Suppose -x - 122 = -4*n, 2*x - 6*x + 82 = 3*n. What is the greatest common divisor of 270 and n?
30
Let b = -26 - -28. Let n be (7 - b) + 10 + 3. Calculate the greatest common divisor of 162 and n.
18
Let k be 18 + -20 - 70/(-2). Suppose 0 = -2*o + 25 + 19. What is the highest common factor of k and o?
11
Let b(i) = 75*i - 16. Let u be b(6). What is the highest common factor of 28 and u?
14
Suppose 5*q - 10 - 15 = 0. Suppose 0 = y + 3*c - 18 + 4, q*c = 20. Calculate the highest common factor of 18 and y.
2
Let f(q) = 80*q**3 - q**2 + 2. Let t be f(2). Let s(m) = m**2 + 56*m + 806. Let r be s(-34). Calculate the highest common divisor of t and r.
58
Let t = 35 + 